**2 + 4946*f + 2718. What is r(-44)?
-10
Let n(h) = -138*h - 3290. What is n(-31)?
988
Let u(r) = 4074020*r + 32592173. Calculate u(-8).
13
Let i(p) = p**3 - 32*p**2 - 138*p - 1595. Determine i(37).
144
Let i(h) = 4911*h + 1571461. Determine i(-320).
-59
Let x(a) = -15082*a + 4358692. Determine x(289).
-6
Let f(o) = -2*o**2 + 4431*o - 259011. What is f(60)?
-351
Let y(z) = -5*z**2 + 824*z - 24652. Calculate y(125).
223
Let p(b) = -514*b + 34061. Determine p(66).
137
Let p(c) = -9*c**3 - 3732*c**2 + 3730*c + 2. What is p(1)?
-9
Let p(v) = 2*v**2 + 468153*v - 3745358. Give p(8).
-6
Let u(l) = -l**3 + l**2 + 1111*l - 6500. What is u(6)?
-14
Let a(q) = -141194*q - 423591. What is a(-3)?
-9
Let j(c) = -c**3 - 72*c**2 + 236*c + 857. Determine j(-75).
32
Let z(a) = a**3 - 55*a**2 - 288*a + 1033. Determine z(-7).
11
Let y(t) = -32*t**2 - 1946*t - 1240. Calculate y(-61).
-1606
Let k(s) = -197*s - 2332. Give k(-11).
-165
Let a(l) = -l**3 - 77*l**2 + 432*l + 1867. Determine a(-82).
63
Let n(x) = 502*x**2 + 2598*x + 30. What is n(-5)?
-410
Let w(h) = -10*h**2 - 199*h - 73. Determine w(-19).
98
Let p(l) = -11*l**3 - 27*l - 2901. Calculate p(0).
-2901
Let t(u) = -1007*u - 21126. Calculate t(-21).
21
Let b(p) = 1954*p + 930111. What is b(-476)?
7
Let a(g) = 138873*g + 277720. Calculate a(-2).
-26
Let k(v) = -1136*v - 60256. Give k(-53).
-48
Let g(u) = -461*u**3 - 15*u**2 - 4*u + 7. Calculate g(-2).
3643
Let k(z) = 19*z - 1361. Calculate k(79).
140
Let t(l) = -233*l**2 - 168454*l + 3663. Calculate t(-723).
48
Let x(h) = h**2 - 78*h + 1481. Determine x(26).
129
Let r(s) = s**3 - 34*s**2 - 182*s - 73. Give r(-4).
47
Let p(f) = f**3 + 3*f**2 + 914*f - 13127. Calculate p(12).
1
Let c(s) = 6083*s - 37253. Determine c(6).
-755
Let c(x) = x**3 + 784*x**2 - 11144*x + 22334. Give c(-798).
-10
Let h(t) = 253670*t - 3044040. Calculate h(12).
0
Let c(r) = -3*r**2 + 379*r + 13642. Determine c(-32).
-1558
Let j(f) = -3*f**3 - 9*f**2 - 264*f - 1464. Determine j(-5).
6
Let s(d) = -512*d - 15551. Calculate s(-30).
-191
Let y(t) = 897*t + 19066. Determine y(-20).
1126
Let f(g) = -16065*g - 15036841. What is f(-936)?
-1
Let h(s) = 59468*s**2 + 59468*s + 2. Determine h(-1).
2
Let c(v) = -3*v**3 - 300*v**2 - v + 860. Determine c(-100).
960
Let u(b) = 2*b**3 - 180*b**2 + 187*b - 360. What is u(89)?
441
Let y(r) = -529*r + 172980. Calculate y(327).
-3
Let a(y) = -y**2 + 62765*y + 1695378. Determine a(-27).
-6
Let z(g) = -7*g**3 - 31*g**2 + 2*g - 391. Give z(-6).
-7
Let k(c) = -2*c**3 + 98*c**2 - 61*c + 2811. What is k(49)?
-178
Let m(g) = 170*g**2 + 1408*g - 5713. Determine m(3).
41
Let t(v) = 227355*v - 11367746. What is t(50)?
4
Let d(c) = 104*c - 8155. Give d(77).
-147
Let h(z) = -22*z**2 - 2554*z - 336. Give h(-116).
-104
Let a(n) = -28380*n - 255430. Calculate a(-9).
-10
Let o(y) = y**3 + 33*y**2 - 55*y - 772. Determine o(-34).
-58
Let d(k) = 45502*k + 74577775. What is d(-1639)?
-3
Let y(k) = -10*k**3 - 22*k**2 - 46*k - 5. Determine y(-3).
205
Let t(v) = 6*v**2 + 827*v - 3267. Determine t(4).
137
Let m(c) = -40805*c - 40744. Give m(-1).
61
Let t(k) = -35*k**2 + 2891*k + 13397. Give t(87).
-1
Let p(q) = 210*q**2 + 1161*q + 3. Give p(-6).
597
Let a(u) = u**3 - 49*u**2 - 757*u + 13637. Determine a(58).
7
Let q(a) = -310066*a - 4340921. Calculate q(-14).
3
Let l(a) = 73156*a - 146317. What is l(2)?
-5
Let d(q) = -q**2 - 148*q + 4261. What is d(24)?
133
Let j(d) = -5610*d - 179516. Give j(-32).
4
Let q(z) = 1092*z**2 - 8721*z - 75. What is q(8)?
45
Let r(c) = 3*c**3 - 550*c**2 + 1659*c. Determine r(3).
108
Let v(h) = 91644*h + 1008170. Give v(-11).
86
Let d(a) = -a**2 - 14*a + 8810. Determine d(-101).
23
Let f(o) = 255713*o + 511413. Give f(-2).
-13
Let a(t) = -58*t - 8677. Give a(-145).
-267
Let v(q) = -q**3 + 39*q**2 + 56*q - 225. Calculate v(38).
3347
Let d(q) = 9234*q - 9215. What is d(1)?
19
Let a(o) = o**3 - 26*o**2 - 58*o + 711. Calculate a(27).
-126
Let t(p) = -2*p**2 + 1912*p - 20790. Determine t(11).
0
Let o(p) = -623*p**2 - 3574*p + 978. Determine o(-6).
-6
Let l(j) = -37*j**2 + 257*j - 121. Give l(10).
-1251
Let f(i) = -4*i**3 - 1530*i**2 - 138472*i + 285. What is f(-147)?
-9
Let a(l) = 455309*l + 910759. What is a(-2)?
141
Let a(m) = 2238*m - 15720. What is a(7)?
-54
Let n(o) = -10*o**2 + 349*o - 78. Calculate n(31).
1131
Let i(o) = -2*o**3 - 107*o**2 - 1248*o + 1139. What is i(-19)?
-58
Let h(f) = -102*f**2 + 965*f + 26. Give h(10).
-524
Let q(j) = -114890*j - 1378652. Give q(-12).
28
Let y(x) = -6*x**3 - 442*x**2 + 163*x + 98. Give y(-74).
-1012
Let h(z) = 2*z**3 + 85*z**2 + 13*z + 211. Calculate h(-42).
1429
Let o(d) = d**3 - 142*d**2 - 733*d + 12. What is o(-5)?
2
Let v(b) = -4*b**2 - 26930*b + 242701. Calculate v(9).
7
Let c(r) = -440*r**2 + 33447*r + 302. Calculate c(76).
834
Let i(h) = h**3 + 162*h**2 - 308*h + 3231. Give i(-164).
-49
Let m(h) = 127*h**2 + 2669*h + 41. Determine m(-21).
-1
Let l(i) = -6*i**2 + 307*i - 150. Determine l(41).
2351
Let c(z) = -4*z**3 - 43*z**2 + 22*z + 83. What is c(-11)?
-38
Let w(o) = -26*o**2 + 726*o - 3608. Determine w(5).
-628
Let m(o) = 11*o**2 - 17984*o - 328946. Determine m(1653).
1
Let o(u) = -u**2 - 689*u + 863. Calculate o(0).
863
Let o(y) = -y**3 + 39*y**2 - 959*y + 34985. Calculate o(38).
-13
Let d(k) = k**3 + 45*k**2 + 520*k + 423. What is d(-24)?
39
Let o(c) = 3151*c**2 - 34654*c - 86. What is o(11)?
-9
Let p(w) = 7584*w**2 - 45506*w - 9. Determine p(6).
-21
Let p(r) = 217*r**3 + 8017*r**2 - 447*r - 151. Determine p(-37).
-40
Let z(s) = -1015731*s + 6094381. Give z(6).
-5
Let t(v) = 1495*v - 92681. Calculate t(62).
9
Let w(l) = 225*l - 2860. What is w(6)?
-1510
Let w(y) = -3*y**2 + 53272*y - 106535. Determine w(2).
-3
Let u(x) = -55*x**3 + 29204*x**2 + 582*x - 27094. Determine u(531).
-13
Let t(y) = -842*y - 82553. What is t(-98)?
-37
Let l(r) = 2*r**3 + 11*r**2 - 1205*r + 1578. What is l(-28)?
38
Let k(s) = -3*s**3 - 340*s**2 + 714*s - 24819. Calculate k(-116).
5
Let b(c) = -c**2 + 92*c + 9612. Calculate b(154).
64
Let l(o) = -23580*o - 10587434. Calculate l(-449).
-14
Let b(z) = -15*z**2 - 288*z - 478. Calculate b(-3).
251
Let i(p) = -436*p**2 - 38803*p + 129. Calculate i(-89).
40
Let s(q) = 2*q**3 - 22*q**2 + 16*q - 33. Give s(11).
143
Let j(b) = 445*b**2 - 879*b + 429. Determine j(1).
-5
Let p(h) = 35*h + 3597. What is p(-103)?
-8
Let o(k) = 681*k**2 + 151*k + 153. What is o(-1)?
683
Let f(g) = 1912672*g + 7650716. What is f(-4)?
28
Let q(v) = v**3 - 7*v**2 - 1301*v - 220. Calculate q(40).
540
Let j(h) = h**3 + 9*h**2 + 42059*h + 252242. Calculate j(-6).
-4
Let a(j) = 4*j**2 - 368*j + 5741. What is a(69)?
-607
Let f(q) = 2*q**2 - 68*q - 180. Give f(37).
42
Let h(f) = 767*f + 4829. Determine h(-6).
227
Let v(d) = 2*d**3 - 48*d**2 - 463*d - 226. Determine v(-7).
-23
Let u(t) = -932*t**2 - 99721*t + 335. What is u(-107)?
14
Let o(w) = 117*w + 4893. Determine o(-42).
-21
Let f(v) = -608*v - 5475. Calculate f(-9).
-3
Let r(v) = -2*v**3 - 4*v**2 - 85*v - 759. Calculate r(-10).
1691
Let x(s) = 5*s**2 - 29*s + 324. What is x(5)?
304
Let y(l) = l**2 - 2467*l + 19664. Calculate y(8).
-8
Let g(s) = -2*s**3 + 28*s**2 + 73*s - 2232. Give g(-8).
0
Let s(r) = -r**2 - 33803*r - 506883. Determine s(-15).
-63
Let h(w) = -5*w**3 - 1618*w**2 + 656*w + 2600. Give h(-324).
8
Let m(d) = d**3 - 21*d**2 + 57*d + 507. Calculate m(15).
12
Let d(o) = 64*o + 128. Determine d(-1).
64
Let z(u) = -u**3 - 1091*u**2 - 865*u + 245285. Calculate z(-1090).
35
Let m(z) = -863*z - 127218. Give m(-147).
-357
Let b(j) = -j**2 + 2699*j + 377. What is b(0)?
377
Let p(z) = 14*z**3 + 817*z**2 + 7800*z + 44. Give p(-12).
-100
Let n(i) = i**3 - 124*i**2 - 629*i - 1973. Calculate n(129).
91
Let l(s) = -62*s**2 - 10609*s - 1162. What is l(-171)?
35
Let k(f) = -6621*f + 13135. Determine k(2).
-107
Let b(i) = 2073*i**2 - 12460*i - 19. Determine b(6).
-151
Let l(p) = -p**2 - 129*p - 4557. What is l(-43)?
-859
Let o(g) = -1182*g + 26813. What is o(26)?
-3919
Let b(c) = 49*c**3 - 25*c**2 + 73*c + 38. What is b(3)?
1355
Let c(z) = -4*z**3 + 1184*z**2 - 117*z + 34640. Give c(296).
8
Let o(h) = -67*h + 3034. Calculate o(52).
-450
Let w(l) = -6*l**2 + 423*l - 1150. Determine w(68).
-130
Let y(h) = h**3 + 133*h**2 + 540*h + 19514. Give y(-130).
14
Let s(n) = 20*n**2